+ 5 = 3*b - 5. Suppose p = 4*l - b*u - 55, -5*u - 26 = -l. List the prime factors of l.
11
Suppose 5*y + 5*l = y + 34, 13 = y - l. Let s = y - 36. Let d = -14 - s. List the prime factors of d.
11
Let o be (0 - 2)/(-1)*-4. Let u(b) = 10*b**2 - b + 1. Let n be u(1). Let s = n - o. What are the prime factors of s?
2, 3
Let o(p) = p**2 + 2*p + 3. Suppose 0 = 5*m - 0*m - 20. Let f be (1 - 4)*m/3. List the prime factors of o(f).
11
Let q(p) be the third derivative of -p**6/120 + 2*p**5/15 + 3*p**4/8 + p**3/2 + 3*p**2. What are the prime factors of q(9)?
3
What are the prime factors of (2/5)/(8/1040)?
2, 13
Let i(b) = 24*b + 16. List the prime factors of i(7).
2, 23
Let y = 29 - 11. What are the prime factors of y?
2, 3
Let s be (2 - 1)*-1 + 25. Let i = -15 + s. What are the prime factors of i?
3
Let c(w) = w**3 - 6*w**2 + w - 1. Let f be c(6). Suppose 5 = -f*s - 10. List the prime factors of (-4)/s + 4/6.
2
Suppose 0 = -4*q + 3*q + 2. Suppose q*d = -d - 30. Let s = d + 18. List the prime factors of s.
2
Let z be -2 - -3 - (-12)/(-2). Let l(k) be the first derivative of -k**2/2 - k + 2. List the prime factors of l(z).
2
Suppose 0*k + 3*k = 39. Let m = k - 9. Suppose 4*a - 1 = 3*v, m*a - 3*v + 4*v = 21. List the prime factors of a.
2
Let k(a) = -a**2 + 13*a + 6. Let t(b) = 6*b - 5. Let r be t(2). List the prime factors of k(r).
2, 3
Let h(p) = 52*p**2 - 2*p - 1. List the prime factors of h(-1).
53
Let x(p) = 5*p**2 - p + 5. What are the prime factors of x(5)?
5
What are the prime factors of 2 - (-3 - (-3 + 10))?
2, 3
Let m(l) = l**3 + 8*l**2 - 22*l - 14. List the prime factors of m(-10).
2, 3
Let p(d) = d + 4. Let q be p(3). Suppose 3*x - q = -i, -3*i + 17 = 5*x - 0. Suppose -t = -9 + x. List the prime factors of t.
2
Suppose 40 = 2*y - 2*p, 110 = 5*y - 0*y + 5*p. List the prime factors of y.
3, 7
Suppose 1 = -g + d, 1 = -2*g - 3*d - 1. List the prime factors of g/2 - 246/(-12).
2, 5
Suppose 4*h - 4*r = -0*r + 44, -4*h + 44 = -r. Suppose 4*l - h = 13. Suppose -6 = -2*k + l. What are the prime factors of k?
2, 3
Let b = 2 - 0. List the prime factors of b.
2
Let n be (-1)/(-1)*(-10 + 6). Let a = 0 + n. Let r(b) = b**2 + 3*b + 6. What are the prime factors of r(a)?
2, 5
Suppose -2*s + 13 = -a, 2*s - 3*s - 4*a - 7 = 0. Let f = s + -4. List the prime factors of -2 - f*-14 - 2.
2, 5
Let p(i) = -i + 15. Suppose 2 = 2*n - 4. Suppose -2*k - 3*v = -7, -3*k = -n*v - 6 - 42. What are the prime factors of p(k)?
2
Let h(s) = 8 + 3*s**2 - 2*s**2 + 6*s**2 - 5*s + s**3 - 2*s**2. What are the prime factors of h(-6)?
2
Let o be (-1)/4 + (-188)/16. Let c = 2 - o. Suppose -3*u = -u - c. What are the prime factors of u?
7
Let p(r) be the third derivative of -r**6/120 + r**5/20 + r**4/12 - 2*r**3/3 - 3*r**2. List the prime factors of p(3).
2
Let j(h) = 15*h**3 - 29*h**2 - 13*h - 17. Let w(p) = -7*p**3 + 14*p**2 + 6*p + 8. Let q(s) = 6*j(s) + 13*w(s). What are the prime factors of q(8)?
2
Suppose c = 3*c - 110. Suppose 0 = i + 3*h - 5, -5*i + i - 5*h + c = 0. List the prime factors of i.
2, 5
Suppose -390 = 10*t - 15*t. What are the prime factors of t?
2, 3, 13
Suppose -4*q - 9 - 47 = 0. Let z = 3 - q. List the prime factors of z.
17
Suppose 0 = 4*i - 112 - 0. Suppose 0*p = 4*p - i. List the prime factors of p.
7
Let s(x) = 24*x - 3. What are the prime factors of s(3)?
3, 23
Suppose -4*a = -0*a - 48. What are the prime factors of 82/8 + (-3)/a?
2, 5
Suppose -34 = -2*c + 3*g, 0 = -g - 0*g + 4. Let v = c - 2. What are the prime factors of v?
3, 7
Suppose -d + 2 = 0, -m + 3*d + 1 = -2. Let x(n) = 5*n - 15. Let v be x(3). Let h = v + m. List the prime factors of h.
3
Let p(v) = v**2 + 6*v + 4. Let z be p(-10). Let s = z - 28. List the prime factors of s.
2
Let o(j) = 2*j + 3. Let w be o(-3). What are the prime factors of 12 - ((-6)/1)/w?
2, 5
Let d(n) = 2*n**2 - 1. What are the prime factors of d(3)?
17
What are the prime factors of (-8)/24 + (-146)/(-6)?
2, 3
List the prime factors of -16 - -17 - 9*-7*1.
2
Let v(j) = j**3 - j**2 + j. Let h be v(0). Suppose 2*n - 3 = -5*g, 3*g + n + n - 1 = h. List the prime factors of g/(3/36 - 0).
2, 3
Let n(y) = -y + 12. Let c be n(10). Let i = -5 - -15. Suppose -3*h = c*h - i. What are the prime factors of h?
2
Suppose 0 = 5*k - 129 - 141. List the prime factors of k.
2, 3
Suppose 0 = 5*s - 292 - 73. List the prime factors of s.
73
Let n = 44 + -20. Let i = -14 + n. What are the prime factors of i?
2, 5
Let s(b) = -5*b - 2. Let l be s(-4). Suppose 4 = 2*f - l. List the prime factors of f.
11
What are the prime factors of -17 - -150 - 2*-1*1?
3, 5
Let m(y) = -y**3 + 13*y**2 - 13*y - 12. What are the prime factors of m(10)?
2, 79
Suppose -22 = -5*j + 10*y - 13*y, -3*j = y - 14. List the prime factors of j.
5
Suppose -2*n + 2 = 4. Let j be ((-224)/35)/(n/5). Suppose -2*q + 4*r + 12 = -18, -4*q + j = -r. What are the prime factors of q?
7
Suppose 1052 = 5*i - 3*r + 50, 203 = i + 2*r. What are the prime factors of i?
3, 67
Suppose o - 4 = 3*h - o, 0 = -4*h - o - 20. Suppose 2 - 8 = 3*i. List the prime factors of ((-21)/(-3))/(i/h).
2, 7
Let p(i) = i**3 - 11*i**2 + 10*i + 11. Let s be p(10). Suppose 13 = 3*u - s. List the prime factors of u.
2
List the prime factors of (4 - 6 - -5)/((-6)/(-712)).
2, 89
Let l = -19 - -19. Let d(o) = 2*o + 12. What are the prime factors of d(l)?
2, 3
Let m be (-3)/(-9) - 1/3. Suppose 0 = -8*i + i + 3*i. Suppose -u + m*u + 6 = i. What are the prime factors of u?
2, 3
Suppose 0 = -0*m + 4*m - 4. List the prime factors of m*2/2*18.
2, 3
Let z(t) = t**2 + 2*t + 1. Suppose 0 = 4*c - 0*c + 24. List the prime factors of z(c).
5
Let r(f) = -f + 4. Let z be r(0). Let h = 84 + -80. Suppose -39 = 2*a - h*a - m, m - 79 = -z*a. List the prime factors of a.
2, 5
Let r(f) = -7*f**2 - 7*f + 2. Let a(t) = -6*t**2 - 6*t + 2. Let y(p) = -6*a(p) + 5*r(p). What are the prime factors of y(2)?
2
Suppose 0 = 4*i - 5*q + 17, -i - 4*i = -3*q + 31. List the prime factors of (-2)/((-1)/((-44)/i)).
11
List the prime factors of (-8)/(-6) - 6656/(-48).
2, 5, 7
Let l(x) = -7*x - 3. What are the prime factors of l(-2)?
11
What are the prime factors of 5/(-5) - 45/(-1)?
2, 11
Let z be 4/(-12) + 415/3. Suppose -3*c + z = -3*k, c - 3*k = -c + 96. List the prime factors of c.
2, 3, 7
Let w(k) = -k**3 + 8*k**2 - 7*k + 5. Let l be w(7). Suppose -4*x = -16, -l*y - 2*x + x = -229. What are the prime factors of y?
3, 5
Suppose 0 = 4*i - i - 5*l - 100, 75 = 2*i + 5*l. What are the prime factors of i?
5, 7
Let t be 0 - 4/2 - -21. Let i = 40 + t. Suppose i = -2*x + 7*x + 2*w, -2*x = w - 23. List the prime factors of x.
13
Let l(k) = 10*k**2 + k. List the prime factors of l(2).
2, 3, 7
Let g(l) = 3*l**2 - 4 - 4*l**2 + 3 + 7*l. Let s = -22 + 28. What are the prime factors of g(s)?
5
List the prime factors of (-1 - 0) + (90 - -4).
3, 31
Suppose 3*b - 5 = -2. List the prime factors of 40/4 + -1*b.
3
Suppose -3*v + 4*v - 60 = 0. Suppose y + v = 4*y. What are the prime factors of y?
2, 5
Suppose -q - 3*q = 5*x - 81, -3*x + 5*q + 19 = 0. List the prime factors of (-3)/(5 - 2) + x.
2, 3
Suppose 2*b + 15 = 55. Suppose 2*p + 3*x - 24 = 0, -2*x - b = -4*p - x. Let h = p - -3. What are the prime factors of h?
3
What are the prime factors of 15/(-5) + 318 + 0 + 3?
2, 3, 53
Let q = -20 + 36. Let o = q + -4. List the prime factors of o.
2, 3
Let s be (-1 - -11)/(6/21). Let l be (-10)/s + (-2)/(-7). Suppose 3*t = 7*t + 4*x - 40, l = 3*x + 6. List the prime factors of t.
2, 3
Let d(u) be the first derivative of -2*u + 1/3*u**3 - 2 + 1/2*u**2. What are the prime factors of d(-3)?
2
Let v = 11 + -4. Suppose 8 = -3*x - v. Let t(f) = -2*f - 5. List the prime factors of t(x).
5
Let j(m) = 2*m - 3. Let z be (1 - 6)/(-2 + 1). Suppose 4*x + z*d = 34, 1 = 2*x - 4*d - 3. What are the prime factors of j(x)?
3
Let l be (4/(-12))/((-2)/12). Let d = -3 + l. List the prime factors of (-3 - d) + 15 - 2.
11
List the prime factors of 104/28 + (-8)/(-28).
2
Suppose 0 = -4*j - 2*n + 30, -4*j - 22 = -5*n - 59. What are the prime factors of j?
2
List the prime factors of (72/(-32))/((-6)/208).
2, 3, 13
Let n(r) = 5*r + 5. List the prime factors of n(11).
2, 3, 5
Let u(i) = 9*i + 24. What are the prime factors of u(10)?
2, 3, 19
Suppose 3*p - 20 = -2*d - 65, 5*p = d - 10. Let g = 14 - -15. Let 